{"id":267,"date":"2026-05-30T14:58:53","date_gmt":"2026-05-30T14:58:53","guid":{"rendered":"https:\/\/instantscocon.fr\/?page_id=267"},"modified":"2026-05-31T17:58:26","modified_gmt":"2026-05-31T17:58:26","slug":"atelier-decouverte-de-la-communication-par-les-signes","status":"publish","type":"page","link":"https:\/\/instantscocon.fr\/index.php\/atelier-decouverte-de-la-communication-par-les-signes\/","title":{"rendered":"\ud83c\udf3f Atelier D\u00e9couverte de la Communication par les Signes"},"content":{"rendered":"\n<h2 class=\"wp-block-heading\"><a>Samedi 11 juillet 2026<\/a><\/h2>\n\n\n\n<h3 class=\"wp-block-heading\"><a>Un moment de partage parent-enfant autour des premiers signes du quotidien<\/a><\/h3>\n\n\n\n<p class=\"wp-block-paragraph\">Instants Cocon vous invite \u00e0 d\u00e9couvrir la communication gestuelle associ\u00e9e \u00e0 la parole lors d\u2019un atelier ludique, bienveillant et accessible \u00e0 tous.<\/p>\n\n\n\n<p class=\"wp-block-paragraph\">Gr\u00e2ce aux signes du quotidien, les tout-petits peuvent exprimer plus facilement leurs besoins, leurs envies et leurs \u00e9motions avant m\u00eame l\u2019apparition du langage verbal.<\/p>\n\n\n\n<p class=\"wp-block-paragraph\">Accompagn\u00e9s de <strong>Lila la petite lapine<\/strong>, les enfants et leurs parents d\u00e9couvriront ensemble plusieurs signes simples \u00e0 r\u00e9utiliser \u00e0 la maison.<\/p>\n\n\n\n<hr class=\"wp-block-separator has-alpha-channel-opacity\"\/>\n\n\n\n<h2 class=\"wp-block-heading\"><a>\ud83c\udf19<\/a> Au programme<\/h2>\n\n\n\n<p class=\"wp-block-paragraph\">\u2728 D\u00e9couverte des premiers signes du quotidien :<\/p>\n\n\n\n<ul class=\"wp-block-list\">\n<li>manger<\/li>\n\n\n\n<li>boire<\/li>\n\n\n\n<li>encore<\/li>\n\n\n\n<li>dormir<\/li>\n\n\n\n<li>c\u00e2lin<\/li>\n\n\n\n<li>fini<\/li>\n\n\n\n<li>jouer<\/li>\n\n\n\n<li>merci<\/li>\n\n\n\n<li>bonjour<\/li>\n\n\n\n<li>au revoir<\/li>\n<\/ul>\n\n\n\n<p class=\"wp-block-paragraph\">\u2728 Comptines sign\u00e9es<\/p>\n\n\n\n<p class=\"wp-block-paragraph\">\u2728 Jeux et interactions parent-enfant<\/p>\n\n\n\n<p class=\"wp-block-paragraph\">\u2728 Temps d\u2019\u00e9change et de questions<\/p>\n\n\n\n<p class=\"wp-block-paragraph\">\u2728 Remise d\u2019un support souvenir \u00e0 emporter<\/p>\n\n\n\n<hr class=\"wp-block-separator has-alpha-channel-opacity\"\/>\n\n\n\n<h2 class=\"wp-block-heading\"><a>\ud83d\udc30<\/a> Qui est Lila ?<\/h2>\n\n\n<div class=\"wp-block-image\">\n<figure class=\"aligncenter size-large is-resized\"><img loading=\"lazy\" decoding=\"async\" width=\"1024\" height=\"1024\" src=\"https:\/\/instantscocon.fr\/wp-content\/uploads\/2026\/05\/Lila-1024x1024.png\" alt=\"\" class=\"wp-image-271\" style=\"width:266px;height:auto\" srcset=\"https:\/\/instantscocon.fr\/wp-content\/uploads\/2026\/05\/Lila-1024x1024.png 1024w, https:\/\/instantscocon.fr\/wp-content\/uploads\/2026\/05\/Lila-300x300.png 300w, https:\/\/instantscocon.fr\/wp-content\/uploads\/2026\/05\/Lila-150x150.png 150w, https:\/\/instantscocon.fr\/wp-content\/uploads\/2026\/05\/Lila-768x768.png 768w, https:\/\/instantscocon.fr\/wp-content\/uploads\/2026\/05\/Lila-600x600.png 600w, https:\/\/instantscocon.fr\/wp-content\/uploads\/2026\/05\/Lila-100x100.png 100w, https:\/\/instantscocon.fr\/wp-content\/uploads\/2026\/05\/Lila.png 1254w\" sizes=\"auto, (max-width: 1024px) 100vw, 1024px\" \/><\/figure>\n<\/div>\n\n\n<p class=\"wp-block-paragraph\">Lila est la mascotte d\u2019Instants Cocon.<\/p>\n\n\n\n<p class=\"wp-block-paragraph\">Douce, curieuse et bienveillante, elle accompagne les enfants tout au long des ateliers et les aide \u00e0 d\u00e9couvrir les \u00e9motions, les signes et les petits moments du quotidien avec douceur.<\/p>\n\n\n\n<hr class=\"wp-block-separator has-alpha-channel-opacity\"\/>\n\n\n\n<h2 class=\"wp-block-heading\"><a>\ud83d\udc76<\/a> Pour qui ?<\/h2>\n\n\n\n<p class=\"wp-block-paragraph\">Parents, grands-parents et enfants de la naissance \u00e0 3 ans.<\/p>\n\n\n\n<p class=\"wp-block-paragraph\">Aucune connaissance pr\u00e9alable des signes n\u2019est n\u00e9cessaire.<\/p>\n\n\n\n<hr class=\"wp-block-separator has-alpha-channel-opacity\"\/>\n\n\n\n<h2 class=\"wp-block-heading\"><a>\ud83c\udf3f<\/a> Informations pratiques<\/h2>\n\n\n\n<p class=\"wp-block-paragraph\">\ud83d\udcc5 Date : Samedi 11 juillet 2026<\/p>\n\n\n\n<p class=\"wp-block-paragraph\">\ud83d\udccd Lieu : Pontacq<\/p>\n\n\n\n<p class=\"wp-block-paragraph\">\u23f0 Dur\u00e9e : environ 1 heure<\/p>\n\n\n\n<p class=\"wp-block-paragraph\">\ud83d\udc68\u200d\ud83d\udc69\u200d\ud83d\udc67 Petit groupe pour favoriser les \u00e9changes<\/p>\n\n\n\n<p class=\"wp-block-paragraph\">\u26a0\ufe0f Places limit\u00e9es \u2013 r\u00e9servation obligatoire<\/p>\n\n\n\n<hr class=\"wp-block-separator has-alpha-channel-opacity\"\/>\n\n\n\n<h2 class=\"wp-block-heading\"><a>\ud83c\udf38<\/a> Les bienfaits de la communication par les signes<\/h2>\n\n\n\n<ul class=\"wp-block-list\">\n<li>Favoriser la communication avant le langage<\/li>\n\n\n\n<li>R\u00e9duire certaines frustrations du quotidien<\/li>\n\n\n\n<li>Renforcer le lien parent-enfant<\/li>\n\n\n\n<li>D\u00e9velopper la confiance et l\u2019\u00e9coute<\/li>\n\n\n\n<li>Partager un moment privil\u00e9gi\u00e9 en famille<\/li>\n<\/ul>\n\n\n\n<hr class=\"wp-block-separator has-alpha-channel-opacity\"\/>\n\n\n\n<h2 class=\"wp-block-heading\"><a>\ud83d\udc9a<\/a> R\u00e9servation<\/h2>\n\n\n\n<p class=\"wp-block-paragraph\">Pour toute information ou r\u00e9servation :<\/p>\n\n\n\n<p class=\"wp-block-paragraph\">\ud83d\udce9 contact@instantscocon.fr<\/p>\n\n\n\n<p class=\"wp-block-paragraph\">\ud83d\udcde 06 20 41 00 63<\/p>\n\n\n\n<p class=\"wp-block-paragraph\">\ud83c\udf10 instantscocon.fr<\/p>\n\n\n\n<hr class=\"wp-block-separator has-alpha-channel-opacity\"\/>\n\n\n\n<p class=\"wp-block-paragraph\"><em>\u201cParce que chaque petit geste peut devenir un grand moment de communication.\u201d<\/em> \ud83c\udf19<\/p>\n","protected":false},"excerpt":{"rendered":"<p>Samedi 11 juillet 2026 Un moment de partage parent-enfant autour des premiers signes du quotidien Instants Cocon vous invite \u00e0 d\u00e9couvrir la communication gestuelle associ\u00e9e \u00e0 la parole lors d\u2019un atelier ludique, bienveillant et accessible \u00e0 tous. Gr\u00e2ce aux signes du quotidien, les tout-petits peuvent exprimer plus facilement leurs besoins, leurs envies et leurs \u00e9motions [&hellip;]<\/p>\n","protected":false},"author":2,"featured_media":263,"parent":0,"menu_order":0,"comment_status":"closed","ping_status":"closed","template":"","meta":{"footnotes":""},"folder":[],"class_list":["post-267","page","type-page","status-publish","has-post-thumbnail","hentry"],"_links":{"self":[{"href":"https:\/\/instantscocon.fr\/index.php\/wp-json\/wp\/v2\/pages\/267","targetHints":{"allow":["GET"]}}],"collection":[{"href":"https:\/\/instantscocon.fr\/index.php\/wp-json\/wp\/v2\/pages"}],"about":[{"href":"https:\/\/instantscocon.fr\/index.php\/wp-json\/wp\/v2\/types\/page"}],"author":[{"embeddable":true,"href":"https:\/\/instantscocon.fr\/index.php\/wp-json\/wp\/v2\/users\/2"}],"replies":[{"embeddable":true,"href":"https:\/\/instantscocon.fr\/index.php\/wp-json\/wp\/v2\/comments?post=267"}],"version-history":[{"count":2,"href":"https:\/\/instantscocon.fr\/index.php\/wp-json\/wp\/v2\/pages\/267\/revisions"}],"predecessor-version":[{"id":273,"href":"https:\/\/instantscocon.fr\/index.php\/wp-json\/wp\/v2\/pages\/267\/revisions\/273"}],"wp:featuredmedia":[{"embeddable":true,"href":"https:\/\/instantscocon.fr\/index.php\/wp-json\/wp\/v2\/media\/263"}],"wp:attachment":[{"href":"https:\/\/instantscocon.fr\/index.php\/wp-json\/wp\/v2\/media?parent=267"}],"wp:term":[{"taxonomy":"folder","embeddable":true,"href":"https:\/\/instantscocon.fr\/index.php\/wp-json\/wp\/v2\/folder?post=267"}],"curies":[{"name":"wp","href":"https:\/\/api.w.org\/{rel}","templated":true}]}}

🌿 Atelier Découverte de la Communication par les Signes

<h2 class="wp-block-heading"><a>Samedi 11 juillet 2026</a></h2>



<h3 class="wp-block-heading"><a>Un moment de partage parent-enfant autour des premiers signes du quotidien</a></h3>



<p class="wp-block-paragraph">Instants Cocon vous invite à découvrir la communication gestuelle associée à la parole lors d’un atelier ludique, bienveillant et accessible à tous.</p>



<p class="wp-block-paragraph">Grâce aux signes du quotidien, les tout-petits peuvent exprimer plus facilement leurs besoins, leurs envies et leurs émotions avant même l’apparition du langage verbal.</p>



<p class="wp-block-paragraph">Accompagnés de <strong>Lila la petite lapine</strong>, les enfants et leurs parents découvriront ensemble plusieurs signes simples à réutiliser à la maison.</p>



<hr class="wp-block-separator has-alpha-channel-opacity"/>



<h2 class="wp-block-heading"><a>🌙</a> Au programme</h2>



<p class="wp-block-paragraph">✨ Découverte des premiers signes du quotidien :</p>



<ul class="wp-block-list">
<li>manger</li>



<li>boire</li>



<li>encore</li>



<li>dormir</li>



<li>câlin</li>



<li>fini</li>



<li>jouer</li>



<li>merci</li>



<li>bonjour</li>



<li>au revoir</li>
</ul>



<p class="wp-block-paragraph">✨ Comptines signées</p>



<p class="wp-block-paragraph">✨ Jeux et interactions parent-enfant</p>



<p class="wp-block-paragraph">✨ Temps d’échange et de questions</p>



<p class="wp-block-paragraph">✨ Remise d’un support souvenir à emporter</p>



<hr class="wp-block-separator has-alpha-channel-opacity"/>



<h2 class="wp-block-heading"><a>🐰</a> Qui est Lila ?</h2>


<div class="wp-block-image">
<figure class="aligncenter size-large is-resized"><img loading="lazy" decoding="async" width="1024" height="1024" src="https://instantscocon.fr/wp-content/uploads/2026/05/Lila-1024x1024.png" alt="" class="wp-image-271" style="width:266px;height:auto" srcset="https://instantscocon.fr/wp-content/uploads/2026/05/Lila-1024x1024.png 1024w, https://instantscocon.fr/wp-content/uploads/2026/05/Lila-300x300.png 300w, https://instantscocon.fr/wp-content/uploads/2026/05/Lila-150x150.png 150w, https://instantscocon.fr/wp-content/uploads/2026/05/Lila-768x768.png 768w, https://instantscocon.fr/wp-content/uploads/2026/05/Lila-600x600.png 600w, https://instantscocon.fr/wp-content/uploads/2026/05/Lila-100x100.png 100w, https://instantscocon.fr/wp-content/uploads/2026/05/Lila.png 1254w" sizes="auto, (max-width: 1024px) 100vw, 1024px" /></figure>
</div>


<p class="wp-block-paragraph">Lila est la mascotte d’Instants Cocon.</p>



<p class="wp-block-paragraph">Douce, curieuse et bienveillante, elle accompagne les enfants tout au long des ateliers et les aide à découvrir les émotions, les signes et les petits moments du quotidien avec douceur.</p>



<hr class="wp-block-separator has-alpha-channel-opacity"/>



<h2 class="wp-block-heading"><a>👶</a> Pour qui ?</h2>



<p class="wp-block-paragraph">Parents, grands-parents et enfants de la naissance à 3 ans.</p>



<p class="wp-block-paragraph">Aucune connaissance préalable des signes n’est nécessaire.</p>



<hr class="wp-block-separator has-alpha-channel-opacity"/>



<h2 class="wp-block-heading"><a>🌿</a> Informations pratiques</h2>



<p class="wp-block-paragraph">📅 Date : Samedi 11 juillet 2026</p>



<p class="wp-block-paragraph">📍 Lieu : Pontacq</p>



<p class="wp-block-paragraph">⏰ Durée : environ 1 heure</p>



<p class="wp-block-paragraph">👨‍👩‍👧 Petit groupe pour favoriser les échanges</p>



<p class="wp-block-paragraph">⚠️ Places limitées – réservation obligatoire</p>



<hr class="wp-block-separator has-alpha-channel-opacity"/>



<h2 class="wp-block-heading"><a>🌸</a> Les bienfaits de la communication par les signes</h2>



<ul class="wp-block-list">
<li>Favoriser la communication avant le langage</li>



<li>Réduire certaines frustrations du quotidien</li>



<li>Renforcer le lien parent-enfant</li>



<li>Développer la confiance et l’écoute</li>



<li>Partager un moment privilégié en famille</li>
</ul>



<hr class="wp-block-separator has-alpha-channel-opacity"/>



<h2 class="wp-block-heading"><a>💚</a> Réservation</h2>



<p class="wp-block-paragraph">Pour toute information ou réservation :</p>



<p class="wp-block-paragraph">📩 contact@instantscocon.fr</p>



<p class="wp-block-paragraph">📞 06 20 41 00 63</p>



<p class="wp-block-paragraph">🌐 instantscocon.fr</p>



<hr class="wp-block-separator has-alpha-channel-opacity"/>



<p class="wp-block-paragraph"><em>“Parce que chaque petit geste peut devenir un grand moment de communication.”</em> 🌙</p>

<p>Samedi 11 juillet 2026 Un moment de partage parent-enfant autour des premiers signes du quotidien Instants Cocon vous invite à découvrir la communication gestuelle associée à la parole lors d’un atelier ludique, bienveillant et accessible à tous. Grâce aux signes du quotidien, les tout-petits peuvent exprimer plus facilement leurs besoins, leurs envies et leurs émotions [&hellip;]</p>
