{"id":392,"date":"2026-07-25T08:54:41","date_gmt":"2026-07-25T08:54:41","guid":{"rendered":"https:\/\/instantscocon.fr\/?post_type=ic_tip&#038;p=392"},"modified":"2026-07-25T08:59:37","modified_gmt":"2026-07-25T08:59:37","slug":"le-lange-sur-la-poussette-un-faux-bon-reflexe","status":"publish","type":"ic_tip","link":"https:\/\/instantscocon.fr\/index.php\/les-tips-de-laure\/le-lange-sur-la-poussette-un-faux-bon-reflexe\/","title":{"rendered":"\u2600\ufe0f Sous le lange, la temp\u00e9rature peut vite grimper"},"content":{"rendered":"\n<p class=\"wp-block-paragraph\">Pour prot\u00e9ger b\u00e9b\u00e9 du soleil, on peut \u00eatre tent\u00e9 de couvrir la poussette avec un lange.<\/p>\n\n\n\n<p class=\"wp-block-paragraph\">Pourtant, ce geste peut limiter la circulation de l\u2019air et faire monter rapidement la temp\u00e9rature \u00e0 l\u2019int\u00e9rieur.<\/p>\n\n\n\n<p class=\"wp-block-paragraph\">Pour prot\u00e9ger b\u00e9b\u00e9 pendant les promenades :<\/p>\n\n\n\n<p class=\"wp-block-paragraph\">\ud83c\udf3f laissez l\u2019air circuler ;<br>\u2602\ufe0f utilisez plut\u00f4t une ombrelle ou le pare-soleil de la poussette ;<br>\ud83c\udf33 privil\u00e9giez l\u2019ombre ;<br>\ud83d\udd5a \u00e9vitez les heures les plus chaudes ;<br>\ud83d\udc76 v\u00e9rifiez r\u00e9guli\u00e8rement la nuque et le comportement de b\u00e9b\u00e9.<\/p>\n\n\n\n<p class=\"wp-block-paragraph\">\ud83d\udc9b <strong>Prot\u00e9ger du soleil, oui. Enfermer la chaleur, non.<\/strong><\/p>\n\n\n\n<p class=\"wp-block-paragraph\">En cas de doute, de b\u00e9b\u00e9 tr\u00e8s chaud, inhabituellement somnolent ou difficile \u00e0 r\u00e9veiller, demandez rapidement l\u2019avis d\u2019un professionnel de sant\u00e9.<\/p>\n\n\n\n<p class=\"wp-block-paragraph\"><strong>Les tips de Laure<\/strong><br><em>Infirmi\u00e8re dipl\u00f4m\u00e9e d\u2019\u00c9tat<\/em><br><strong>Instants Cocon<\/strong><\/p>\n\n\n\n<p class=\"wp-block-paragraph\">#InstantsCocon #LesTipsDeLaure #Pr\u00e9ventionB\u00e9b\u00e9 #Poussette #Chaleur #Canicule #JeunesParents #ConseilsParents #S\u00e9curit\u00e9B\u00e9b\u00e9<\/p>\n\n\n\n<p class=\"wp-block-paragraph\">\u00a9 Instants Cocon \u2013 Laure Dartiguelongue \u2013 2026<\/p>\n\n\n\n<p class=\"wp-block-paragraph\"><\/p>\n","protected":false},"excerpt":{"rendered":"<p>Pour prot\u00e9ger b\u00e9b\u00e9 du soleil, on peut \u00eatre tent\u00e9 de couvrir la poussette avec un lange. Pourtant, ce geste peut limiter la circulation de l\u2019air et faire monter rapidement la temp\u00e9rature \u00e0 l\u2019int\u00e9rieur. Pour prot\u00e9ger b\u00e9b\u00e9 pendant les promenades : \ud83c\udf3f laissez l\u2019air circuler ;\u2602\ufe0f utilisez plut\u00f4t une ombrelle ou le pare-soleil de la poussette [&hellip;]<\/p>\n","protected":false},"featured_media":380,"template":"","ic_tip_rubrique":[],"class_list":["post-392","ic_tip","type-ic_tip","status-publish","has-post-thumbnail","hentry"],"_links":{"self":[{"href":"https:\/\/instantscocon.fr\/index.php\/wp-json\/wp\/v2\/ic_tip\/392","targetHints":{"allow":["GET"]}}],"collection":[{"href":"https:\/\/instantscocon.fr\/index.php\/wp-json\/wp\/v2\/ic_tip"}],"about":[{"href":"https:\/\/instantscocon.fr\/index.php\/wp-json\/wp\/v2\/types\/ic_tip"}],"version-history":[{"count":4,"href":"https:\/\/instantscocon.fr\/index.php\/wp-json\/wp\/v2\/ic_tip\/392\/revisions"}],"predecessor-version":[{"id":396,"href":"https:\/\/instantscocon.fr\/index.php\/wp-json\/wp\/v2\/ic_tip\/392\/revisions\/396"}],"wp:featuredmedia":[{"embeddable":true,"href":"https:\/\/instantscocon.fr\/index.php\/wp-json\/wp\/v2\/media\/380"}],"wp:attachment":[{"href":"https:\/\/instantscocon.fr\/index.php\/wp-json\/wp\/v2\/media?parent=392"}],"wp:term":[{"taxonomy":"ic_tip_rubrique","embeddable":true,"href":"https:\/\/instantscocon.fr\/index.php\/wp-json\/wp\/v2\/ic_tip_rubrique?post=392"}],"curies":[{"name":"wp","href":"https:\/\/api.w.org\/{rel}","templated":true}]}}

☀️ Sous le lange, la température peut vite grimper

<p class="wp-block-paragraph">Pour protéger bébé du soleil, on peut être tenté de couvrir la poussette avec un lange.</p>



<p class="wp-block-paragraph">Pourtant, ce geste peut limiter la circulation de l’air et faire monter rapidement la température à l’intérieur.</p>



<p class="wp-block-paragraph">Pour protéger bébé pendant les promenades :</p>



<p class="wp-block-paragraph">🌿 laissez l’air circuler ;<br>☂️ utilisez plutôt une ombrelle ou le pare-soleil de la poussette ;<br>🌳 privilégiez l’ombre ;<br>🕚 évitez les heures les plus chaudes ;<br>👶 vérifiez régulièrement la nuque et le comportement de bébé.</p>



<p class="wp-block-paragraph">💛 <strong>Protéger du soleil, oui. Enfermer la chaleur, non.</strong></p>



<p class="wp-block-paragraph">En cas de doute, de bébé très chaud, inhabituellement somnolent ou difficile à réveiller, demandez rapidement l’avis d’un professionnel de santé.</p>



<p class="wp-block-paragraph"><strong>Les tips de Laure</strong><br><em>Infirmière diplômée d’État</em><br><strong>Instants Cocon</strong></p>



<p class="wp-block-paragraph">#InstantsCocon #LesTipsDeLaure #PréventionBébé #Poussette #Chaleur #Canicule #JeunesParents #ConseilsParents #SécuritéBébé</p>



<p class="wp-block-paragraph">© Instants Cocon – Laure Dartiguelongue – 2026</p>



<p class="wp-block-paragraph"></p>

<p>Pour protéger bébé du soleil, on peut être tenté de couvrir la poussette avec un lange. Pourtant, ce geste peut limiter la circulation de l’air et faire monter rapidement la température à l’intérieur. Pour protéger bébé pendant les promenades : 🌿 laissez l’air circuler ;☂️ utilisez plutôt une ombrelle ou le pare-soleil de la poussette [&hellip;]</p>
